38 is divided by 21?
18
What is the remainder when 183 is divided by 19?
12
Calculate the remainder when 1527 is divided by 117.
6
What is the remainder when 981 is divided by 72?
45
Calculate the remainder when 2319 is divided by 21.
9
Calculate the remainder when 102 is divided by 21.
18
What is the remainder when 421 is divided by 25?
21
Calculate the remainder when 169 is divided by 81.
7
What is the remainder when 379 is divided by 80?
59
Calculate the remainder when 1326 is divided by 16.
14
Calculate the remainder when 77 is divided by 23.
8
What is the remainder when 1617 is divided by 22?
11
Calculate the remainder when 152 is divided by 31.
28
What is the remainder when 3597 is divided by 24?
21
What is the remainder when 1262 is divided by 115?
112
Calculate the remainder when 1559 is divided by 10.
9
What is the remainder when 6539 is divided by 20?
19
What is the remainder when 62 is divided by 9?
8
Calculate the remainder when 1381 is divided by 405.
166
What is the remainder when 346 is divided by 40?
26
What is the remainder when 80 is divided by 17?
12
What is the remainder when 286 is divided by 36?
34
Calculate the remainder when 226 is divided by 77.
72
Calculate the remainder when 831 is divided by 6.
3
What is the remainder when 301 is divided by 99?
4
Calculate the remainder when 798 is divided by 147.
63
Calculate the remainder when 331 is divided by 318.
13
What is the remainder when 399 is divided by 67?
64
What is the remainder when 35 is divided by 4?
3
What is the remainder when 180 is divided by 90?
0
Calculate the remainder when 18 is divided by 5.
3
What is the remainder when 9476 is divided by 158?
154
What is the remainder when 465 is divided by 230?
5
Calculate the remainder when 236 is divided by 14.
12
Calculate the remainder when 203 is divided by 23.
19
What is the remainder when 319 is divided by 81?
76
What is the remainder when 3536 is divided by 20?
16
Calculate the remainder when 698 is divided by 16.
10
What is the remainder when 342 is divided by 323?
19
What is the remainder when 1348 is divided by 294?
172
What is the remainder when 1048 is divided by 25?
23
Calculate the remainder when 123 is divided by 7.
4
What is the remainder when 224 is divided by 105?
14
What is the remainder when 62 is divided by 13?
10
What is the remainder when 811 is divided by 409?
402
What is the remainder when 4713 is divided by 115?
113
What is the remainder when 230 is divided by 86?
58
What is the remainder when 739 is divided by 57?
55
What is the remainder when 5591 is divided by 31?
11
Calculate the remainder when 329 is divided by 8.
1
What is the remainder when 6863 is divided by 21?
17
What is the remainder when 169 is divided by 5?
4
Calculate the remainder when 2286 is divided by 54.
18
What is the remainder when 1559 is divided by 258?
11
What is the remainder when 1092 is divided by 165?
102
What is the remainder when 4572 is divided by 13?
9
What is the remainder when 1067 is divided by 96?
11
What is the remainder when 3656 is divided by 229?
221
What is the remainder when 442 is divided by 18?
10
Calculate the remainder when 302 is divided by 61.
58
What is the remainder when 199 is divided by 56?
31
What is the remainder when 46 is divided by 40?
6
What is the remainder when 83 is divided by 9?
2
Calculate the remainder when 443 is divided by 152.
139
Calculate the remainder when 698 is divided by 37.
32
What is the remainder when 150 is divided by 40?
30
What is the remainder when 453 is divided by 179?
95
Calculate the remainder when 137 is divided by 8.
1
Calculate the remainder when 19039 is divided by 34.
33
What is the remainder when 145 is divided by 4?
1
What is the remainder when 3046 is divided by 8?
6
What is the remainder when 195 is divided by 95?
5
Calculate the remainder when 1404 is divided by 16.
12
Calculate the remainder when 1674 is divided by 129.
126
Calculate the remainder when 259 is divided by 23.
6
Calculate the remainder when 440 is divided by 126.
62
Calculate the remainder when 393 is divided by 186.
21
Calculate the remainder when 95 is divided by 12.
11
Calculate the remainder when 27 is divided by 16.
11
What is the remainder when 137 is divided by 72?
65
Calculate the remainder when 7049 is divided by 86.
83
What is the remainder when 32 is divided by 5?
2
Calculate the remainder when 1849 is divided by 25.
24
What is the remainder when 460 is divided by 15?
10
What is the remainder when 986 is divided by 65?
11
Calculate the remainder when 822 is divided by 55.
52
Calculate the remainder when 213 is divided by 62.
27
What is the remainder when 17 is divided by 2?
1
What is the remainder when 2681 is divided by 11?
8
What is the remainder when 14 is divided by 14?
0
Calculate the remainder when 7879 is divided by 71.
69
What is the remainder when 1311 is divided by 16?
15
Calculate the remainder when 1365 is divided by 18.
15
Calculate the remainder when 1275 is divided by 104.
27
What is the remainder when 18772 is divided by 21?
19
What is the remainder when 5970 is divided by 58?
54
What is the remainder when 20 is divided by 15?
5
What is the remainder when 1845 is divided by 130?
25
Calculate the remainder when 776 is divided by 7.
6
Calculate the remainder when 6161 is divided by 2043.
32
What is the remainder when 1255 is divided by 39?
7
Calculate the remainder when 484 is divided by 81.
79
What is the remainder when 1096 is divided by 29?
23
What is the remainder when 75 is divided by 32?
11
What is the remainder when 129 is divided by 12?
9
Calculate the remainder when 900 is divided by 9.
0
What is the remainder when 167 is divided by 43?
38
Calculate the remainder when 870 is divided by 34.
20
Calculate the remainder when 221 is divided by 36.
5
What is the remainder when 816 is divided by 208?
192
What is the remainder when 241 is divided by 22?
21
Calculate the remainder when 863 is divided by 235.
158
What is the remainder when 114 is divided by 4?
2
What is the remainder when 398 is divided by 32?
14
Calculate the remainder when 185 is divided by 17.
15
Calculate the remainder when 2287 is divided by 28.
19
Calculate the remainder when 209 is divided by 106.
103
What is the remainder when 17 is divided by 4?
1
Calculate the remainder when 129 is divided by 102.
27
Calculate the remainder when 106 is divided by 33.
7
Calculate the remainder when 924 is divided by 306.
6
Calculate the remainder when 457 is divided by 5.
2
Calculate the remainder when 245 is divided by 16.
5
What is the remainder when 144 is divided by 75?
69
Calculate the remainder when 2524 is divided by 25.
24
What is the remainder when 461 is divided by 75?
11
What is the remainder when 948 is divided by 19?
17
Calculate the remainder when 418 is divided by 223.
195
Calculate the remainder when 263 is divided by 5.
3
Calculate the remainder when 245 is divided by 18.
11
What is the remainder when 227 is divided by 19?
18
What is the remainder when 1104 is divided by 65?
64
Calculate the remainder when 200 is divided by 16.
8
Calculate the remainder when 383 is divided by 24.
23
What is the remainder when 335 is divided by 31?
25
Calculate the remainder when 398 is divided by 67.
63
Calculate the remainder when 476 is divided by 97.
88
What is the remainder when 244 is divided by 22?
2
What is the remainder when 1059 is divided by 53?
52
Calculate the remainder when 131 is divided by 48.
35
Calculate the remainder when 148 is divided by 39.
31
What is the remainder when 199 is divided by 40?
39
Calculate the remainder when 185 is divided by 56.
17
What is the remainder when 135 is divided by 28?
23
Calculate the remainder when 6083 is divided by 15.
8
Calculate the remainder when 71938 is divided by 301.
300
Calculate the remainder when 2108 is divided by 22.
18
Calculate the remainder when 103 is divided by 22.
15
Calculate the remainder when 481 is divided by 61.
54
Calculate the remainder when 256 is divided by 39.
22
What is the remainder when 1002 is divided by 126?
120
Calculate the remainder when 3483 is divided by 17.
15
What is the remainder when 1964 is divided by 389?
19
What is the remainder when 711 is divided by 23?
21
What is the remainder when 222 is divided by 25